 - 12. Is h(u) a prime number?
False
Let m(v) = -212*v**2 + 6*v - 18. Let z(t) = -t**2 + 2. Let x(w) = -m(w) - 5*z(w). Is x(5) a prime number?
False
Suppose -16 = 2*f - 18, -219445 = -4*c - f. Is c prime?
False
Suppose -5*s + 2*m = -90 + 52, 0 = -5*s + 3*m + 42. Suppose -s*g + 2*g = 4*o - 16644, -4157 = -g - 5*o. Is g prime?
False
Let u = 1 - -2. Suppose -g - 4*d - 3 = 0, 2*d - 3 = 2*g - u*g. Is g/(-6)*(-236)/6 composite?
False
Let m(s) = -3*s - 6. Let z be m(-4). Suppose -5*l + z*l = 3501. Suppose 0*o + 5*w + l = 4*o, 0 = o + 4*w - 891. Is o a composite number?
True
Let h be 30/4*(230/30 - 7). Suppose 0 = 30*t + h*t - 405895. Is t a prime number?
True
Let y = 313443 - -88702. Is y prime?
False
Let d(h) = -5379*h + 7940. Is d(-59) composite?
False
Let a = -30721 - -70148. Is a a prime number?
False
Suppose 2*p - 5*d = 80671, 12*p + 161363 = 16*p - 3*d. Is p prime?
True
Let r be ((-92)/115)/(2/(-5)). Suppose -h - 3126 - 17534 = -3*f, -r*h - 34433 = -5*f. Is f composite?
True
Let s = -459796 + 896333. Is s prime?
False
Is (-3 + 4)/((-38)/(-890378)) prime?
True
Suppose 14551 = 3*h - 4*v + 2*v, -2*v + 9684 = 2*h. Let w = h - 2794. Is w a composite number?
False
Let i = 2052 + -1084. Let k be 6/((20/(-6))/5). Let g = i - k. Is g a composite number?
False
Let d = 1895 - 149. Let n = 13264 + -9351. Let j = n - d. Is j composite?
True
Suppose 0 = -18*b + 23*b. Suppose 0 = 5*m - b + 5. Is (-419)/6*(-7 - m) a prime number?
True
Let l be 17 - 3 - 1/(-1). Let z = -21 + l. Is -3*(2 - (-770)/z) prime?
True
Suppose -4*y = 3*q - 20374 - 49153, -4*q = 4*y - 92712. Is q a composite number?
True
Suppose 3*d + 3 = 0, l = 2*l - 3*d - 137180. Is l prime?
True
Suppose 8*v + 3*v = 7*v. Is 7788 - (v + 5 - 6) prime?
True
Let n be (1/3 + (-49)/(-6))*(-3 - -45). Let c be -1 + 3 - 4*13. Let d = c + n. Is d a prime number?
True
Let u be -2 - (-3 + 0) - -2. Suppose -1825 = u*w - 6796. Is w a prime number?
True
Suppose z = -3*f + 895, 2*z + 602 = 2*f - 0*z. Let i = -52 + f. Is i a prime number?
False
Suppose 0 = 2*a - 4*a - 16. Let f = a - -10. Suppose 4*m = 5*k - 3351, 0*k + 2011 = 3*k - f*m. Is k a composite number?
True
Let r = -8 - -12. Suppose -246 = r*u - 7690. Suppose -9*t - u + 11302 = 0. Is t composite?
False
Let b(p) = -1066*p - 15. Let w(l) = 1062*l + 15. Let x(n) = -5*b(n) - 6*w(n). Is x(-7) composite?
True
Let m be (-2)/(1/69*6). Let y = 29 + m. Let x(o) = 4*o**3 + 6*o - 13. Is x(y) prime?
True
Let v be ((-18)/15)/((-15)/225). Suppose -16*p = -v*p + 796. Is p composite?
True
Suppose 2*b = -148*b + 20754750. Is b prime?
False
Let x(f) = 110407*f - 3188. Is x(7) composite?
False
Let h = -25302 - -113053. Is h a composite number?
False
Suppose 7*l - 30 - 33 = 0. Suppose 4*u = o + 10, -3*u + 2*u = 3*o - l. Suppose 4*y - 171 = -o*g - 17, -2*g - y + 169 = 0. Is g prime?
False
Let j(v) be the third derivative of -79*v**5/60 + 3*v**4/8 - 33*v**2. Let x be j(7). Let d = -2427 - x. Is d a composite number?
False
Let x be 0 + (-2)/6 + 147/9. Suppose -5*i = j - 5, i - x + 6 = -2*j. Suppose 2598 = 5*k + 3*a, 0 = j*k - 2*a + 103 - 2696. Is k a prime number?
False
Let k(i) = -i**2 + 139*i + 1375. Is k(130) a composite number?
True
Let h = 65 - 64. Let k = 3 - h. Suppose -3*s - y = 2*s - 5193, 0 = -5*s + k*y + 5199. Is s a composite number?
False
Let t = 117 + -112. Suppose -4*s - t*y = 6, -3*s + y = 3 - 8. Is 5 + -2 + s*5786 prime?
False
Suppose -s - 3 = 10. Let h = s - -27. Suppose h*n = 12*n + 898. Is n a prime number?
True
Suppose 5*o + 3*u + 1304 = 5003, -o - 5*u + 753 = 0. Let p = o - 423. Is 2/(-2) - (15 - p) a composite number?
True
Suppose -5*a - 3*s - 9162 = 4639, -5*s = -5*a - 13785. Let z = a + -215. Let f = z - -6519. Is f prime?
False
Suppose 5*m = l - 4 - 18, 5*m = 4*l - 13. Let n(x) = -407*x + 5. Is n(l) a composite number?
True
Suppose 439*b + 95016 = 463*b. Is b a composite number?
True
Let z(d) = 196*d - 1. Let w be 15/5*(1 + 106/(-3)). Let b = 106 + w. Is z(b) a composite number?
False
Suppose 0 = -2*h + 4*a - 36, h + 4*a = 2*h + 26. Is 4 + (-20772)/h - 5/25 a composite number?
False
Suppose -17*b - 193*b + 12195034 = -20796596. Is b a composite number?
False
Suppose -6*c = 19*c - 625. Suppose -c*b + 16*b = -11331. Is b composite?
False
Let t be (37/1)/(-1*3/201). Let r = -1440 - t. Suppose x = -4*s + r, -7*x - 2*s = -4*x - 3157. Is x composite?
True
Suppose -276 = -2*v + 434. Let o = 852 - v. Suppose 0*u - 7*u + o = 0. Is u a composite number?
False
Let g be (-330)/25 + 2 - 2/(-10). Let d(m) = -4*m - 43. Let o be d(g). Let q(v) = 308*v**2 + 3*v - 4. Is q(o) composite?
False
Let q(b) be the second derivative of 40*b**3 - 391*b**2/2 - 142*b. Is q(49) prime?
True
Suppose 22 = 10*f + 2. Is (5/10)/(f/10628) prime?
True
Let z = 1278377 - 186328. Is z a prime number?
False
Suppose -8705 = 3*x + 7708. Let c = -3786 - x. Suppose -3*d + c = 5*w, 3*w - 2*d - 948 = 63. Is w a composite number?
False
Let s be (-9)/(-2)*(6 + 208/(-39)). Suppose 2*v + 4*j - 2*j = 7276, 0 = -3*v + s*j + 10920. Is v a prime number?
False
Let f(g) = g**3 + 11*g**2 - 26*g + 4. Let b be f(-13). Is 0 + 8/b + 290 + 3 a composite number?
True
Is ((-1)/((-6)/(-4)))/(-3*16/2062152) composite?
True
Let w = 20 - 9. Suppose -v - 13 = 5*t, 0 = -7*v + w*v - t - 32. Is v prime?
True
Suppose 2*p - 39 - 153 = 0. Let d be (32/p)/(-1 + 14/12). Suppose 5*x = 8*x - d*n - 555, 6 = 2*n. Is x a composite number?
True
Suppose 3*s - 1990 = -2*n - 698, -2*n + 1260 = -5*s. Let p(i) = -5 + 7*i**2 + n*i**3 + 4 - 5*i**2. Is p(1) a composite number?
False
Suppose -14*z + 142487 = 18489. Is z a prime number?
False
Let f = -207623 - -524496. Is f a composite number?
True
Let s be -7*(24/6 + 72/(-14)). Suppose -38670 = -s*t - 7*t. Is t a prime number?
False
Let i = 1151 - -13956. Is i prime?
True
Suppose 0 = 101917*w - 101901*w - 9250480. Is w prime?
False
Suppose -2*y + 1285 = 3*y. Suppose -q - 523 = -5*x, y = 3*q + x + 1906. Let n = 210 - q. Is n a composite number?
True
Is ((-766890)/54 - 2)/(2/(-6)) composite?
False
Suppose 7*o - 1 = 4*f + 4*o, 5*f - 4 = 2*o. Suppose 0 = a, -f*n - 2*n = 4*a - 22676. Is n composite?
False
Suppose 0 = 5*h - 9384 - 4446. Suppose -26*i - h = -69820. Is i composite?
False
Let g = -70 - -72. Let l be (2099/g)/(1/2). Suppose 0 = 43*p - 42*p - l. Is p prime?
True
Suppose f + 12 = 9*l - 4*l, 4*l + 3*f = 2. Suppose 5*u = -l*i - 3*i + 50590, -2*u = -2. Is i a prime number?
False
Suppose 42*s - 40*s = 5726. Is (-3)/(-3 - (-8586)/s) composite?
True
Let y be (-5)/10 - (-2)/4. Suppose y = 5*i - i - 4*x - 4856, 3*i = 2*x + 3644. Let f = 1793 - i. Is f prime?
True
Suppose 76*d - 59486477 = -37*d. Is d a prime number?
True
Let s(y) = 2*y**3 - 4*y**2 + 19*y + 10. Let c(l) = l**3 - 3*l**2 + 20*l + 9. Let b(i) = -6*c(i) + 5*s(i). Let f be b(8). Let n = -877 + f. Is n a prime number?
True
Let j be (-16)/((-3)/2 + 2). Let n = -31 - j. Let d = 22 + n. Is d a prime number?
True
Let r(c) = 3*c**2 - c - 1. Let t be (-7)/(-7)*(0 + -1). Let o be r(t). Suppose -2*m = -3*x - 3322, 2*m - o*x - 8287 = -3*m. Is m a prime number?
False
Let s = -11569 - -87402. Is s prime?
True
Suppose 4*c = 5*j - 2*j + 16, 3*j = 3*c - 12. Suppose 3*q + 4*a + 4 = j, 3*a = -q + 3*q - 20. Suppose -2*z + 6*z + 3*v = 3083, q*z - 3*v - 3053 = 0. Is z prime?
False
Let i(y) = 4*y**2 - 3*y + 12. Suppose -2*n + 49 - 3 = 0. Is i(n) composite?
True
Suppose -151*v + 137698 = -477325. Is v prime?
True
Suppose -2*d - 450276 = -2*b, 0 = -4*b - 5*d + 764678 + 135883. Is b a prime number?
False
Let g(x) = -10*x**3 + 10*x**2 - 7*x - 10. Let n(b) = -16*b**3 + 4*b + 0*b - 5*b + 15*b**3. Let o(k) = -g(k) + 3*n(k). Is o(7) prime?
True
Let z(x) = 20308*x**3 + x**2 + x + 1. Is z(1) composite?
True
Let o(b) = b**3 - b**2 - 7*b + 129622. Is o(0) composite?
True
Let s(o) = 2*o**2 + o - 149 - 3*o + 36*o**2 - 4*o + 11*o. Is s(22) prime?
True
Suppose -15*w = -6*w - 36. Suppose -w*u = -9 - 11. Suppose u*l + 20 = l, 0 = 2*y + l - 309. Is y a prime number?
True
Suppose -256511 = -5*f + 4*j, f + 21*j - 26*j = 51319. Is f a prime number?
False
Suppose 600689 + 2527848 = 53*x. Is x a composite number?
False
Suppose 11452*n - 11412*n = 4524318 + 4866202. Is n prime?
False
Let o(f) = f**2 + 10*f - 4. Let k be o(-11). Suppose 0 = -k*q + 3*q + 3964. Is q a prime number?
Tr